e p(j). What is the tens digit of (s/129)/((2/(-597))/(-2))?
9
Let n = 54390 - -24136. What is the hundreds digit of n?
5
Let g be 12/30*-5*10/(-4). Let c(p) = 2*p**3 - 4*p**2 - 4*p + 10. What is the tens digit of c(g)?
4
Let n(w) = 58*w**2 + 2*w. Let y(a) = a**2 + 12*a + 38. Let v be y(-6). What is the units digit of n(v)?
6
Let t(v) = 694*v - 1970. What is the ten thousands digit of t(23)?
1
Suppose -52*o + 51138 = -43*o. Suppose -o = -5*t - 3*s, s - 6 = -2. What is the thousands digit of t?
1
Let y(b) be the first derivative of -3*b**4/2 + 3*b**2/2 - 3*b + 16. What is the hundreds digit of y(-6)?
2
Let z(s) = 5*s**3 - 9*s**2 + 13*s + 18. Let i(p) = 4*p**3 - 8*p**2 + 13*p + 18. Let v(c) = 7*i(c) - 6*z(c). What is the units digit of v(-8)?
0
Suppose y = j - 3494 - 5207, 3*y + 43519 = 5*j. What is the tens digit of j?
0
Let f = 945 - 536. Suppose p = -5*v + f, p + 2*v - 826 = -p. What is the units digit of p?
4
Let l(v) = -17*v + 148*v**3 + 12*v - v**2 + 18*v - 13 + 139*v**3 + 466*v**3. What is the units digit of l(1)?
2
What is the tens digit of ((4/(-14))/((-48)/126))/(2/41856)?
9
Let l(h) = 49*h**2 - 9*h + 7. Suppose 2*o = -u + 8, 2 = 3*o - 2*o. What is the tens digit of l(u)?
5
Suppose -4*r + y + 5335 = r, 0 = 2*r - 2*y - 2142. Let a = -504 + r. What is the tens digit of a?
6
Let m = -41 - -176. Let h = m + -283. Let r = 285 + h. What is the units digit of r?
7
Let n = 84 + -158. Let f = n + 58. What is the tens digit of f/(-72) + (-2302)/(-9)?
5
Suppose 4*s + 1878 = 6*s - 35184. What is the hundreds digit of s?
5
Let u = 27609 + -15640. What is the hundreds digit of u?
9
Let m = 129 + -130. What is the tens digit of 9428/18 - (8/36)/m?
2
Let n = -177 - -269. What is the units digit of n*95/114*(-6)/(-10)?
6
Let x = 2834 - 176. What is the thousands digit of x?
2
Let z be 2/(-2)*2 + -58. Let y = -25 - z. Suppose 0 = 7*j - 77 - y. What is the tens digit of j?
1
Suppose 4*t = 12, 3*c = 8*c + 5*t - 8170. Suppose -5033 = -17*y + c. What is the hundreds digit of y?
3
Let d(v) = 5*v - 16. Let k be d(4). Suppose k*t = -20*t + 12456. What is the hundreds digit of t?
5
Suppose -6*f - 217 = -247. Suppose -4*u + 3558 = 5*s + 890, -f*s + 2001 = 3*u. What is the tens digit of u?
6
Suppose -21*a + 1847 = -1534. Let t = -5 + a. What is the tens digit of t?
5
Suppose -3347 - 1725 = -4*k - 2*y, 0 = -3*k - y + 3804. Suppose -p = -4*a + 2*p + k, 0 = -4*a + p + 1268. Suppose 6*x - 199 = a. What is the units digit of x?
6
Let q(l) = l**3 + l + 3. Let r be q(0). Let u be r - 4 - (4 - -114). What is the tens digit of -4 - (u + -16 - 4*1)?
3
Suppose 8*b - 5*b - 12987 = -5*j, 5*j = 30. What is the tens digit of b?
1
Let z(g) = -g**3 - 15*g**2 + 38*g + 90. Let l be z(-17). What is the hundreds digit of 4/l + (185302/143 - 2)?
2
Let q(n) = 6*n**2 - 9*n - 8. Let k be q(5). Let o = k + 40. What is the hundreds digit of o?
1
What is the tens digit of (-605100)/(-105) + (-54)/63?
6
Suppose -3*d - 8 = -0*d - j, j = -5*d - 24. What is the hundreds digit of (-25)/8*-110 + (-1)/d?
3
Suppose -2*f - 5*d + 53378 = 0, 2*d + 82006 + 24774 = 4*f. What is the thousands digit of f?
6
What is the tens digit of (-64209)/(-12) - (-50)/40?
5
Suppose 12 = 4*g, 48*g = j + 44*g - 17363. What is the units digit of j?
5
Suppose -2*p - i - 4*i = -597, 0 = -3*p - i + 863. Let x(l) = -3*l**2 - l - 200. Let m be x(0). Let d = p + m. What is the tens digit of d?
8
Suppose 4*n - 30499 = 16*y - 11*y, -n + 7629 = 3*y. What is the thousands digit of n?
7
Suppose t - 5*g = 27268, 2*t = -3*t - g + 136522. What is the ten thousands digit of t?
2
Suppose -4*m + 22*w = 24*w - 188, 0 = -4*w - 16. Suppose 17240 + 12209 = m*r. What is the units digit of r?
1
Suppose -4*c + 65 = 9. Suppose c*o = 4051 - 215. What is the hundreds digit of o?
2
Suppose -3*j + 51 = y - 50, 0 = -5*y + j + 585. Suppose p = 103 + y. What is the tens digit of p?
1
What is the hundreds digit of 240144/14 + (4/(-20) - 16/(-280))?
1
Suppose -4*l = 16, 4*v + 3 - 7 = -4*l. Let o(r) = r**2 + 24*r + 100. Let b be o(-19). What is the hundreds digit of (-1 + -4 - b)*(-82)/v?
1
Suppose 2257*g + 21028 = 2259*g. What is the tens digit of g?
1
Suppose 23111 = 3*o - z, 44*o + 4*z = 49*o - 38509. What is the units digit of o?
5
Let k(f) = 76*f + 26. Let h be k(7). Suppose -a = a - h. What is the units digit of a?
9
What is the tens digit of -9*(-8)/72 - -313?
1
Let a(w) = w**3 + 12*w**2 - 17*w - 9. Let h be (4/(-19))/(-2) - 13197/1007. What is the units digit of a(h)?
3
Suppose q - 2*m + 344 = 0, -2*m = -5 - 3. Let r be 45/2 - (-5)/10. What is the units digit of q/(-2) + r + -24?
7
Let r be (-292)/8*(1/(-1) + -9). Let n = r - 48. What is the units digit of n?
7
Suppose -128 = -3*u - 21*y + 22*y, 0 = -2*u + 3*y + 83. What is the units digit of -1*5 - (-2666)/u?
7
What is the thousands digit of (-227595)/(-9)*12*9/90?
0
Suppose 319*p + 129285 = 324*p. What is the thousands digit of p?
5
Let o = 25241 + -10961. What is the tens digit of o?
8
Let p = 5419 + -2703. What is the tens digit of p?
1
Let r = -176 - -181. Suppose r*s = -2*s + 1540. What is the tens digit of s?
2
Suppose 2*s = 4*y - 8 + 4, -3*s = 4*y - 34. Suppose 5*v + p = 1078, 8*p = 4*v + s*p - 868. What is the units digit of v?
6
Let t = 58386 + -41091. What is the hundreds digit of t?
2
Let u(c) = 13*c**2 - 5*c + 16. Let i(m) = m - 2. Let w(z) = -6*i(z) + u(z). What is the units digit of w(7)?
8
Let n = 204 - 197. Suppose -b = -39 - n. What is the tens digit of b?
4
Let q(g) = -119*g + 1670. What is the thousands digit of q(-59)?
8
Let q be (-354)/(-8) - (2 - 56/32). Let g = q + -39. Suppose -g*n = -7*n + 288. What is the tens digit of n?
4
Suppose -56 = 202*k - 210*k. What is the hundreds digit of k/14 + 3406/4?
8
Let w be 1*(-4 + 7) - -1. Suppose 3*k - 20 = -q, -2*k + w*q - 14 = -3*k. What is the units digit of -2 - (-9)/k - (-1446)/12?
0
Let z be (-4)/(-12) - 2/6. Suppose -3*n = -z*n + 6*n. Suppose -9*h + 4*h + 100 = n. What is the tens digit of h?
2
Suppose -1028 = l + l. What is the hundreds digit of (l/(-7))/(1/7)?
5
Let n be 4/2*-7*36/(-63). Let h(r) = r**3 + r**2. Let v(q) = -5*q**3 - 17*q**2 + 6*q + 15. Let s(b) = -6*h(b) - v(b). What is the hundreds digit of s(n)?
1
Let z(r) be the first derivative of -r**4/4 + 11*r**3 - 13*r**2 + 94*r - 75. What is the thousands digit of z(31)?
1
Let j be 4/((-7)/(-742)*4/10). What is the hundreds digit of (-16)/(6 + j/(-175))?
2
Suppose h - s = -5, -2*h + 7*s - 12*s = -4. Let q(u) = 3*u**3 - 3*u**2 + 3*u. Let a be q(2). What is the tens digit of -207*h/a*2?
6
Suppose 1289 = 14*h - 4633. Let y = h + -156. What is the units digit of y?
7
Let o = 9 + 18. Suppose 1383 = -o*s + 30*s. What is the hundreds digit of s?
4
Let d(t) = -2*t + 7. Let a be d(3). Let y = a + 24. What is the units digit of ((-10)/y)/(2/(-20))?
4
Suppose 10*k = -4*k + 42. Suppose -5*d = -2*b + 1, 5*d = 5*b - k - 7. Suppose -5*o + 4*h = -915, -b*o + 4*h + 135 = -422. What is the units digit of o?
9
Suppose -5*u = -11*u + 18. Suppose 4*s = 5*s - 2*a - 1, -9 = -3*s + u*a. Suppose 0 = d - 5*j - 66, -s*d + 3*d + 4*j + 156 = 0. What is the tens digit of d?
8
What is the units digit of 2*21880/(-48)*-15?
5
Suppose -5*h - 144 = -h. Let q be 2*-3*(-3)/(h/(-8)). Suppose -q*z + 174 = -46. What is the tens digit of z?
5
Let n(c) = 18*c + 4 + 2*c + c + 3. Let s be n(-7). What is the tens digit of (-8)/20*(s + -5)?
5
Suppose 11*u = 23*u - 10056. What is the hundreds digit of u?
8
Suppose -2*i + 20 = 12. Suppose -52 = 4*l - i. Let b(z) = -z + 10. What is the tens digit of b(l)?
2
Suppose -123*s - 196 = -130*s. Suppose -31220 = -s*m - 0*m. What is the tens digit of m?
1
Let v(w) = -22 + 8 + 34*w - 9 + 7*w. Let o be v(10). Suppose -2*d = 111 - o. What is the units digit of d?
8
Let q(p) be the second derivative of p**5/20 + 2*p**4 - 31*p**3/6 - 17*p**2/2 - 52*p. What is the units digit of q(-25)?
3
Suppose 58*t = 5*x + 59*t - 6663, 2*x + t - 2667 = 0. Suppose p = 4*v - x, 2*v - 999 = -v - 4*p. What is the tens digit of v?
3
Suppose 3*l - 127 = 2*t - 1089, -5*t + l + 2392 = 0. Suppose -13*z = -15*z + t. What is the units digit of z?
9
Let b(t) be the third derivative of t**5/30 - 25*t**4/12 + 5*t**3/3 + 2*t**2 + 18*t. What is the hundreds digit of b(30)?
3
Suppose -i + 7097 = 4*b - 3361, 